{"id":232,"date":"2025-11-30T23:50:48","date_gmt":"2025-11-30T23:50:48","guid":{"rendered":"http:\/\/nonnos-tomatensosse.de\/home-2\/"},"modified":"2026-02-09T22:23:00","modified_gmt":"2026-02-09T22:23:00","slug":"home-2","status":"publish","type":"page","link":"https:\/\/nonnos-tomatensosse.de\/","title":{"rendered":"Home"},"content":{"rendered":"\t\t<div data-elementor-type=\"wp-page\" data-elementor-id=\"232\" class=\"elementor elementor-232\" data-elementor-post-type=\"page\">\n\t\t\t\t<div class=\"elementor-element elementor-element-4731f466 e-flex e-con-boxed e-con e-parent\" data-id=\"4731f466\" data-element_type=\"container\" data-settings=\"{&quot;background_background&quot;:&quot;classic&quot;}\">\n\t\t\t\t\t<div class=\"e-con-inner\">\n\t\t\t\t<div class=\"elementor-element elementor-element-15d3c225 elementor-widget elementor-widget-heading\" data-id=\"15d3c225\" data-element_type=\"widget\" data-widget_type=\"heading.default\">\n\t\t\t\t\t<h5 class=\"elementor-heading-title elementor-size-default\">De Gustibus non es disputandum<\/h5>\t\t\t\t<\/div>\n\t\t\t\t<div class=\"elementor-element elementor-element-79b5e1c0 elementor-widget elementor-widget-text-editor\" data-id=\"79b5e1c0\" data-element_type=\"widget\" data-widget_type=\"text-editor.default\">\n\t\t\t\t\t\t\t\t\t<div><h4><b>Willkommen bei Nonno\u00b4s So\u00dfenmanufaktur<\/b><\/h4><\/div><div><p>Bei uns finden Sie eine k\u00f6stliche Auswahl an hochwertigen Tomatensossen und anderen leckeren Produkten aus der sizilianischen Geschmackswelt.. Unser Ziel ist es, Ihren Kochk\u00fcnsten das gewisse Etwas zu verleihen. Lassen Sie sich inspirieren und entdecken Sie, wie unsere Produkte Ihre Gerichte bereichern k\u00f6nnen.<\/p><p>Wer also wissen m\u00f6chte, wie Nudeln mit Tomatenso\u00dfe in Sizilien schmecken, sollte ein Glas Nino &#8211; Nonno\u00b4s Beste aus dem Regal nehmen und das Nudelwasser auf den Herd stellen. Es braucht nur einen zweiten Topf f\u00fcr den Sugo, Parmesank\u00e4se und eine Reibe. \u00a0Die Idee hier bei ist wirklich, den Sugo so zu verwenden wie er ist, lasst Euch darauf ein und die Zwiebeln weg.<\/p><\/div><div><p>Nino war mein Vater, mit dem ich vor vielen Jahren bereits das Rezept f\u00fcr dieses Sugo aufgeschrieben habe. Er ging nie gerne in italienischen Restaurants essen, es schmeckte nirgends, so wie er es erinnerte. F\u00fcr uns Kinder war das nicht nachvollziehbar, wie gerne w\u00e4ren wir einfach mal nur Pizza essen gegangen.<\/p><\/div><div><p>Als ich Ende der 90er die Gelegenheit hatte f\u00fcr 3 Monate nach Sizilien zu gehen, um meine Diplomarbeit zu schreiben, begann ich meinen Vater zu verstehen. Seit dem sind viele Jahre vergangen, ein Arbeitsleben neigt sich dem Ende.<\/p><p>Geblieben ist die Liebe zu dieser wunderbaren Insel, ihrer Natur, ihren kulturellen Sch\u00e4tzen und den Menschen, die es seit Jahrhunderten verstehen, aus ganz wenig, so viel zu machen.\u00a0<\/p><p>F\u00fcr mich ist es an der Zeit, dieser Idee den Raum zu geben und den Schritt hinaus ans Licht zu wagen und dies mit allen zu teilen die Neugierig darauf sind und sich darauf einlassen m\u00f6chten.<\/p><\/div>\t\t\t\t\t\t\t\t<\/div>\n\t\t\t\t<div class=\"elementor-element elementor-element-258f3604 elementor-widget elementor-widget-heading\" data-id=\"258f3604\" data-element_type=\"widget\" data-widget_type=\"heading.default\">\n\t\t\t\t\t<h1 class=\"elementor-heading-title elementor-size-default\">Entdecken Sie unsere einzigartigen Sossenspezialit\u00e4ten<\/h1>\t\t\t\t<\/div>\n\t\t\t\t\t<\/div>\n\t\t\t\t<\/div>\n\t\t<div class=\"elementor-element elementor-element-7a2416b6 e-flex e-con-boxed e-con e-parent\" data-id=\"7a2416b6\" data-element_type=\"container\">\n\t\t\t\t\t<div class=\"e-con-inner\">\n\t\t<div class=\"elementor-element elementor-element-4afe7f1b e-con-full e-flex e-con e-child\" data-id=\"4afe7f1b\" data-element_type=\"container\">\n\t\t\t\t<div class=\"elementor-element elementor-element-d6f4c9d elementor-widget elementor-widget-heading\" data-id=\"d6f4c9d\" data-element_type=\"widget\" data-widget_type=\"heading.default\">\n\t\t\t\t\t<h5 class=\"elementor-heading-title elementor-size-default\">Echte Aromen, wahre Geschichten<\/h5>\t\t\t\t<\/div>\n\t\t\t\t<div class=\"elementor-element elementor-element-22a39854 elementor-widget elementor-widget-heading\" data-id=\"22a39854\" data-element_type=\"widget\" data-widget_type=\"heading.default\">\n\t\t\t\t\t<h2 class=\"elementor-heading-title elementor-size-default\">Das ist Nino \u2013 Nonno's Beste<\/h2>\t\t\t\t<\/div>\n\t\t\t\t<\/div>\n\t\t<div class=\"elementor-element elementor-element-72866ef6 e-flex e-con-boxed e-con e-child\" data-id=\"72866ef6\" data-element_type=\"container\" data-settings=\"{&quot;background_background&quot;:&quot;classic&quot;}\">\n\t\t\t\t\t<div class=\"e-con-inner\">\n\t\t\t\t<div class=\"elementor-element elementor-element-7d54a8a0 elementor-widget__width-inherit elementor-widget elementor-widget-text-editor\" data-id=\"7d54a8a0\" data-element_type=\"widget\" data-widget_type=\"text-editor.default\">\n\t\t\t\t\t\t\t\t\t<div>\n<p><strong>NINO \u2013 Nonno\u00b4s Beste<\/strong>, ist das erstes Produkt. Eine Tomaten Sugo einfach und klar in seiner Sprache, reduziert auf die Hauptzutat. Hierzu verwende ich San Marzano Tomaten aus Campanien, hochwertiges natives Oliven\u00f6l und ein paar wenige Gew\u00fcrze. Unter st\u00e4ndigem R\u00fchren wird der Sugo eine Stunde gekocht, bevor er in Gl\u00e4ser abgef\u00fcllt wird.<\/p><p>Die Idee ist ein Sugo anzubieten, das nichts Weiteres braucht, als erw\u00e4rmt zu werden und zusammen mit frisch gekochter Pasta und Parmesank\u00e4se, genossen zu werden. Wer also eine leckeren Teller Pasta zu sch\u00e4tzen weiss, ist mit einem Glas NINO &#8211; Nonno\u00b4s Beste, hervorragend beraten.&nbsp;<\/p>\n<p>Dies ist jedoch erst der Beginn einer kulinarischen Reise. Nino-Nonno\u00b4s Beste ist hervorragend geeignet viele weitere Gerichte zu (ver)zaubern. Sei es eine Bolognese, eine Pasta mit Salsiccia, oder mit Gorgonzola (ja das darf auch tomatig sein) und eine Pizza ist damit auch schnell vorbereitet und wartet auf einen kreativen Belag.<\/p>\n<\/div>\t\t\t\t\t\t\t\t<\/div>\n\t\t\t\t\t<\/div>\n\t\t\t\t<\/div>\n\t\t\t\t\t<\/div>\n\t\t\t\t<\/div>\n\t\t<div class=\"elementor-element elementor-element-7b3ebb6f e-flex e-con-boxed e-con e-parent\" data-id=\"7b3ebb6f\" data-element_type=\"container\">\n\t\t\t\t\t<div class=\"e-con-inner\">\n\t\t\t\t<div class=\"elementor-element elementor-element-6ffa42a5 elementor-widget elementor-widget-heading\" data-id=\"6ffa42a5\" data-element_type=\"widget\" data-widget_type=\"heading.default\">\n\t\t\t\t\t<h2 class=\"elementor-heading-title elementor-size-default\">Was mir wichtig ist !<\/h2>\t\t\t\t<\/div>\n\t\t\t\t<div class=\"elementor-element elementor-element-7d210663 elementor-testimonial--layout-image_above elementor-testimonial--skin-default elementor-testimonial--align-center elementor-arrows-yes elementor-pagination-type-bullets elementor-widget elementor-widget-testimonial-carousel\" data-id=\"7d210663\" data-element_type=\"widget\" data-settings=\"{&quot;space_between&quot;:{&quot;unit&quot;:&quot;px&quot;,&quot;size&quot;:&quot;&quot;,&quot;sizes&quot;:[]},&quot;show_arrows&quot;:&quot;yes&quot;,&quot;pagination&quot;:&quot;bullets&quot;,&quot;speed&quot;:500,&quot;autoplay&quot;:&quot;yes&quot;,&quot;autoplay_speed&quot;:5000,&quot;loop&quot;:&quot;yes&quot;,&quot;pause_on_hover&quot;:&quot;yes&quot;,&quot;pause_on_interaction&quot;:&quot;yes&quot;,&quot;space_between_tablet&quot;:{&quot;unit&quot;:&quot;px&quot;,&quot;size&quot;:10,&quot;sizes&quot;:[]},&quot;space_between_mobile&quot;:{&quot;unit&quot;:&quot;px&quot;,&quot;size&quot;:10,&quot;sizes&quot;:[]}}\" data-widget_type=\"testimonial-carousel.default\">\n\t\t\t\t\t\t\t\t\t\t<div class=\"elementor-main-swiper swiper\" role=\"region\" aria-roledescription=\"carousel\" aria-label=\"Slider\">\n\t\t\t\t<div class=\"swiper-wrapper\">\n\t\t\t\t\t\t\t\t\t\t\t<div class=\"swiper-slide\" role=\"group\" aria-roledescription=\"slide\">\n\t\t\t\t\t\t\t\t\t<div class=\"elementor-testimonial\">\n\t\t\t\t\t\t\t<div class=\"elementor-testimonial__content\">\n\t\t\t\t\t<div class=\"elementor-testimonial__text\">\n\t\t\t\t\t\tDie Nachhaltigkeit meiner Produkte ist mir sehr wichtig. Daher biete ich sie in einem Mehrweg-Pfandglas an, das bei mir oder  den M\u00e4rkten, die das Produkte anbieten, zur\u00fcckgegeben werden kann.\t\t\t\t\t<\/div>\n\t\t\t\t\t\t\t\t\t<\/div>\n\t\t\t\t\t\t<div class=\"elementor-testimonial__footer\">\n\t\t\t\t\t\t\t\t\t\t\t<\/div>\n\t\t<\/div>\n\t\t\t\t\t\t\t\t<\/div>\n\t\t\t\t\t\t\t\t\t\t\t<div class=\"swiper-slide\" role=\"group\" aria-roledescription=\"slide\">\n\t\t\t\t\t\t\t\t\t<div class=\"elementor-testimonial\">\n\t\t\t\t\t\t\t<div class=\"elementor-testimonial__content\">\n\t\t\t\t\t<div class=\"elementor-testimonial__text\">\n\t\t\t\t\t\tDie Qualit\u00e4t der verwendeten Zutaten ist nat\u00fcrlich von zentraler Bedeutung. Die Tomaten kommen von einer landwirtschaftlichen Kooperative aus Striano. Hier wird ein nachhaltiger Anbau der Tomaten praktiziert. Dh, bspw. Freilandanbau, Verzicht auf Foliengew\u00e4chsh\u00e4user  und dadurch bedingt eine Ernte der reifen Fr\u00fcchte im August und September.\t\t\t\t\t<\/div>\n\t\t\t\t\t\t\t\t\t<\/div>\n\t\t\t\t\t\t<div class=\"elementor-testimonial__footer\">\n\t\t\t\t\t\t\t\t\t\t\t<\/div>\n\t\t<\/div>\n\t\t\t\t\t\t\t\t<\/div>\n\t\t\t\t\t\t\t\t\t\t\t<div class=\"swiper-slide\" role=\"group\" aria-roledescription=\"slide\">\n\t\t\t\t\t\t\t\t\t<div class=\"elementor-testimonial\">\n\t\t\t\t\t\t\t<div class=\"elementor-testimonial__content\">\n\t\t\t\t\t<div class=\"elementor-testimonial__text\">\n\t\t\t\t\t\tDas \u00d6l ist aktuell ein natives Oliven\u00f6l aus Spanien in Bioqualit\u00e4t. Hier m\u00f6chte ich mittelfristig auf ein sizilianisches \u00d6l umstellen. Eine Kooperative habe ich hier schon in der engeren Auswahl.\t\t\t\t\t<\/div>\n\t\t\t\t\t\t\t\t\t<\/div>\n\t\t\t\t\t\t<div class=\"elementor-testimonial__footer\">\n\t\t\t\t\t\t\t\t\t\t\t<\/div>\n\t\t<\/div>\n\t\t\t\t\t\t\t\t<\/div>\n\t\t\t\t\t\t\t\t\t\t\t<div class=\"swiper-slide\" role=\"group\" aria-roledescription=\"slide\">\n\t\t\t\t\t\t\t\t\t<div class=\"elementor-testimonial\">\n\t\t\t\t\t\t\t<div class=\"elementor-testimonial__content\">\n\t\t\t\t\t<div class=\"elementor-testimonial__text\">\n\t\t\t\t\t\tDer CO2 Fussabdruck von Importenprodukten ist gegeben und rechtfertigt sich f\u00fcr mich mit  Qualit\u00e4t  des Produktes. Ich m\u00f6chte dennoch solange sich es sich darstellen l\u00e4sst eine CO2 neutrale Zustellung f\u00fcr die Kunden in unserer Gemeinde anbieten.\t\t\t\t\t<\/div>\n\t\t\t\t\t\t\t\t\t<\/div>\n\t\t\t\t\t\t<div class=\"elementor-testimonial__footer\">\n\t\t\t\t\t\t\t\t\t\t\t<\/div>\n\t\t<\/div>\n\t\t\t\t\t\t\t\t<\/div>\n\t\t\t\t\t\t\t\t\t\t\t<div class=\"swiper-slide\" role=\"group\" aria-roledescription=\"slide\">\n\t\t\t\t\t\t\t\t\t<div class=\"elementor-testimonial\">\n\t\t\t\t\t\t\t<div class=\"elementor-testimonial__content\">\n\t\t\t\t\t<div class=\"elementor-testimonial__text\">\n\t\t\t\t\t\tTomaten sind super gesund. Bei Temperaturen \u00fcber 80\u00b0C wird das in Tomaten enthaltene Antioxidanz Lycopin noch besser bioverf\u00fcgbar. Aktuelle Studien belegen das eindrucksvoll. \t\t\t\t\t<\/div>\n\t\t\t\t\t\t\t\t\t<\/div>\n\t\t\t\t\t\t<div class=\"elementor-testimonial__footer\">\n\t\t\t\t\t\t\t\t\t\t\t<\/div>\n\t\t<\/div>\n\t\t\t\t\t\t\t\t<\/div>\n\t\t\t\t\t\t\t\t\t<\/div>\n\t\t\t\t\t\t\t\t\t\t\t\t\t\t\t<div class=\"elementor-swiper-button elementor-swiper-button-prev\" role=\"button\" tabindex=\"0\" aria-label=\"Voriger\">\n\t\t\t\t\t\t\t<svg aria-hidden=\"true\" class=\"e-font-icon-svg e-eicon-chevron-left\" viewBox=\"0 0 1000 1000\" xmlns=\"http:\/\/www.w3.org\/2000\/svg\"><path d=\"M646 125C629 125 613 133 604 142L308 442C296 454 292 471 292 487 292 504 296 521 308 533L604 854C617 867 629 875 646 875 663 875 679 871 692 858 704 846 713 829 713 812 713 796 708 779 692 767L438 487 692 225C700 217 708 204 708 187 708 171 704 154 692 142 675 129 663 125 646 125Z\"><\/path><\/svg>\t\t\t\t\t\t<\/div>\n\t\t\t\t\t\t<div class=\"elementor-swiper-button elementor-swiper-button-next\" role=\"button\" tabindex=\"0\" aria-label=\"N\u00e4chster\">\n\t\t\t\t\t\t\t<svg aria-hidden=\"true\" class=\"e-font-icon-svg e-eicon-chevron-right\" viewBox=\"0 0 1000 1000\" xmlns=\"http:\/\/www.w3.org\/2000\/svg\"><path d=\"M696 533C708 521 713 504 713 487 713 471 708 454 696 446L400 146C388 133 375 125 354 125 338 125 325 129 313 142 300 154 292 171 292 187 292 204 296 221 308 233L563 492 304 771C292 783 288 800 288 817 288 833 296 850 308 863 321 871 338 875 354 875 371 875 388 867 400 854L696 533Z\"><\/path><\/svg>\t\t\t\t\t\t<\/div>\n\t\t\t\t\t\t\t\t\t\t\t\t\t\t\t\t<div class=\"swiper-pagination\"><\/div>\n\t\t\t\t\t\t\t\t\t\t\t\t<\/div>\n\t\t\t\t\t\t\t\t<\/div>\n\t\t\t\t<div class=\"elementor-element elementor-element-15999e0a elementor-widget elementor-widget-heading\" data-id=\"15999e0a\" data-element_type=\"widget\" data-widget_type=\"heading.default\">\n\t\t\t\t\t<h2 class=\"elementor-heading-title elementor-size-default\">Eindr\u00fccke aus der Sossenk\u00fcCHe<\/h2>\t\t\t\t<\/div>\n\t\t\t\t\t<\/div>\n\t\t\t\t<\/div>\n\t\t<div class=\"elementor-element elementor-element-621063d1 e-flex e-con-boxed e-con e-parent\" data-id=\"621063d1\" data-element_type=\"container\">\n\t\t\t\t\t<div class=\"e-con-inner\">\n\t\t\t\t<div class=\"elementor-element elementor-element-2c210f70 elementor-widget elementor-widget-heading\" data-id=\"2c210f70\" data-element_type=\"widget\" data-widget_type=\"heading.default\">\n\t\t\t\t\t<h5 class=\"elementor-heading-title elementor-size-default\">Einblicke in die Produktion<\/h5>\t\t\t\t<\/div>\n\t\t<div class=\"elementor-element elementor-element-5a3b479c e-flex e-con-boxed e-con e-child\" data-id=\"5a3b479c\" data-element_type=\"container\">\n\t\t\t\t\t<div class=\"e-con-inner\">\n\t\t<div class=\"elementor-element elementor-element-255b91df e-con-full e-flex e-con e-child\" data-id=\"255b91df\" data-element_type=\"container\">\n\t\t\t\t<div class=\"elementor-element elementor-element-74629e77 elementor-widget elementor-widget-image\" data-id=\"74629e77\" data-element_type=\"widget\" data-widget_type=\"image.default\">\n\t\t\t\t\t\t\t\t\t\t\t\t\t\t\t<img fetchpriority=\"high\" decoding=\"async\" width=\"800\" height=\"521\" src=\"https:\/\/nonnos-tomatensosse.de\/wp-content\/uploads\/2026\/02\/296E388C-8E78-4EF7-8831-F4AEF2C7AFAE_1_201_a-1024x667.jpeg\" class=\"attachment-large size-large wp-image-626\" alt=\"\" srcset=\"https:\/\/nonnos-tomatensosse.de\/wp-content\/uploads\/2026\/02\/296E388C-8E78-4EF7-8831-F4AEF2C7AFAE_1_201_a-1024x667.jpeg 1024w, https:\/\/nonnos-tomatensosse.de\/wp-content\/uploads\/2026\/02\/296E388C-8E78-4EF7-8831-F4AEF2C7AFAE_1_201_a-600x391.jpeg 600w, https:\/\/nonnos-tomatensosse.de\/wp-content\/uploads\/2026\/02\/296E388C-8E78-4EF7-8831-F4AEF2C7AFAE_1_201_a-300x195.jpeg 300w, https:\/\/nonnos-tomatensosse.de\/wp-content\/uploads\/2026\/02\/296E388C-8E78-4EF7-8831-F4AEF2C7AFAE_1_201_a-768x500.jpeg 768w, https:\/\/nonnos-tomatensosse.de\/wp-content\/uploads\/2026\/02\/296E388C-8E78-4EF7-8831-F4AEF2C7AFAE_1_201_a-1536x1000.jpeg 1536w, https:\/\/nonnos-tomatensosse.de\/wp-content\/uploads\/2026\/02\/296E388C-8E78-4EF7-8831-F4AEF2C7AFAE_1_201_a-2048x1334.jpeg 2048w\" sizes=\"(max-width: 800px) 100vw, 800px\" \/>\t\t\t\t\t\t\t\t\t\t\t\t\t\t\t<\/div>\n\t\t\t\t<div class=\"elementor-element elementor-element-4d661801 elementor-widget elementor-widget-image\" data-id=\"4d661801\" data-element_type=\"widget\" data-widget_type=\"image.default\">\n\t\t\t\t\t\t\t\t\t\t\t\t\t\t\t<img decoding=\"async\" width=\"768\" height=\"1024\" src=\"https:\/\/nonnos-tomatensosse.de\/wp-content\/uploads\/2026\/01\/IMG_7297-768x1024.jpeg\" class=\"attachment-large size-large wp-image-454\" alt=\"\" srcset=\"https:\/\/nonnos-tomatensosse.de\/wp-content\/uploads\/2026\/01\/IMG_7297-768x1024.jpeg 768w, https:\/\/nonnos-tomatensosse.de\/wp-content\/uploads\/2026\/01\/IMG_7297-scaled-600x800.jpeg 600w, https:\/\/nonnos-tomatensosse.de\/wp-content\/uploads\/2026\/01\/IMG_7297-225x300.jpeg 225w, https:\/\/nonnos-tomatensosse.de\/wp-content\/uploads\/2026\/01\/IMG_7297-1152x1536.jpeg 1152w, https:\/\/nonnos-tomatensosse.de\/wp-content\/uploads\/2026\/01\/IMG_7297-1536x2048.jpeg 1536w, https:\/\/nonnos-tomatensosse.de\/wp-content\/uploads\/2026\/01\/IMG_7297-scaled.jpeg 1920w\" sizes=\"(max-width: 768px) 100vw, 768px\" \/>\t\t\t\t\t\t\t\t\t\t\t\t\t\t\t<\/div>\n\t\t\t\t<\/div>\n\t\t<div class=\"elementor-element elementor-element-11611e7a e-con-full e-flex e-con e-child\" data-id=\"11611e7a\" data-element_type=\"container\">\n\t\t\t\t<div class=\"elementor-element elementor-element-68234133 elementor-widget elementor-widget-image\" data-id=\"68234133\" data-element_type=\"widget\" data-widget_type=\"image.default\">\n\t\t\t\t\t\t\t\t\t\t\t\t\t\t\t<img decoding=\"async\" width=\"576\" height=\"1024\" src=\"https:\/\/nonnos-tomatensosse.de\/wp-content\/uploads\/2026\/01\/IMG_7294-576x1024.jpeg\" class=\"attachment-large size-large wp-image-452\" alt=\"\" srcset=\"https:\/\/nonnos-tomatensosse.de\/wp-content\/uploads\/2026\/01\/IMG_7294-576x1024.jpeg 576w, https:\/\/nonnos-tomatensosse.de\/wp-content\/uploads\/2026\/01\/IMG_7294-scaled-600x1067.jpeg 600w, https:\/\/nonnos-tomatensosse.de\/wp-content\/uploads\/2026\/01\/IMG_7294-169x300.jpeg 169w, https:\/\/nonnos-tomatensosse.de\/wp-content\/uploads\/2026\/01\/IMG_7294-768x1365.jpeg 768w, https:\/\/nonnos-tomatensosse.de\/wp-content\/uploads\/2026\/01\/IMG_7294-864x1536.jpeg 864w, https:\/\/nonnos-tomatensosse.de\/wp-content\/uploads\/2026\/01\/IMG_7294-1152x2048.jpeg 1152w, https:\/\/nonnos-tomatensosse.de\/wp-content\/uploads\/2026\/01\/IMG_7294-scaled.jpeg 1440w\" sizes=\"(max-width: 576px) 100vw, 576px\" \/>\t\t\t\t\t\t\t\t\t\t\t\t\t\t\t<\/div>\n\t\t\t\t<\/div>\n\t\t<div class=\"elementor-element elementor-element-bd265f6 e-con-full e-flex e-con e-child\" data-id=\"bd265f6\" data-element_type=\"container\">\n\t\t\t\t<div class=\"elementor-element elementor-element-160014bb elementor-widget elementor-widget-image\" data-id=\"160014bb\" data-element_type=\"widget\" data-widget_type=\"image.default\">\n\t\t\t\t\t\t\t\t\t\t\t\t\t\t\t<img loading=\"lazy\" decoding=\"async\" width=\"576\" height=\"1024\" src=\"https:\/\/nonnos-tomatensosse.de\/wp-content\/uploads\/2026\/01\/IMG_7301-576x1024.jpeg\" class=\"attachment-large size-large wp-image-453\" alt=\"\" srcset=\"https:\/\/nonnos-tomatensosse.de\/wp-content\/uploads\/2026\/01\/IMG_7301-576x1024.jpeg 576w, https:\/\/nonnos-tomatensosse.de\/wp-content\/uploads\/2026\/01\/IMG_7301-scaled-600x1067.jpeg 600w, https:\/\/nonnos-tomatensosse.de\/wp-content\/uploads\/2026\/01\/IMG_7301-169x300.jpeg 169w, https:\/\/nonnos-tomatensosse.de\/wp-content\/uploads\/2026\/01\/IMG_7301-768x1365.jpeg 768w, https:\/\/nonnos-tomatensosse.de\/wp-content\/uploads\/2026\/01\/IMG_7301-864x1536.jpeg 864w, https:\/\/nonnos-tomatensosse.de\/wp-content\/uploads\/2026\/01\/IMG_7301-1152x2048.jpeg 1152w, https:\/\/nonnos-tomatensosse.de\/wp-content\/uploads\/2026\/01\/IMG_7301-scaled.jpeg 1440w\" sizes=\"(max-width: 576px) 100vw, 576px\" \/>\t\t\t\t\t\t\t\t\t\t\t\t\t\t\t<\/div>\n\t\t\t\t<\/div>\n\t\t\t\t\t<\/div>\n\t\t\t\t<\/div>\n\t\t\t\t\t<\/div>\n\t\t\t\t<\/div>\n\t\t\t\t<\/div>\n\t\t","protected":false},"excerpt":{"rendered":"<p>De Gustibus non es disputandum Willkommen bei Nonno\u00b4s So\u00dfenmanufaktur Bei uns finden Sie eine k\u00f6stliche Auswahl an hochwertigen Tomatensossen und anderen leckeren Produkten aus der sizilianischen Geschmackswelt.. Unser Ziel ist es, Ihren Kochk\u00fcnsten das gewisse Etwas zu verleihen. Lassen Sie sich inspirieren und entdecken Sie, wie unsere Produkte Ihre Gerichte bereichern k\u00f6nnen. Wer also wissen [&hellip;]<\/p>\n","protected":false},"author":1,"featured_media":0,"parent":0,"menu_order":0,"comment_status":"closed","ping_status":"closed","template":"","meta":{"footnotes":""},"class_list":["post-232","page","type-page","status-publish","hentry"],"_links":{"self":[{"href":"https:\/\/nonnos-tomatensosse.de\/index.php?rest_route=\/wp\/v2\/pages\/232","targetHints":{"allow":["GET"]}}],"collection":[{"href":"https:\/\/nonnos-tomatensosse.de\/index.php?rest_route=\/wp\/v2\/pages"}],"about":[{"href":"https:\/\/nonnos-tomatensosse.de\/index.php?rest_route=\/wp\/v2\/types\/page"}],"author":[{"embeddable":true,"href":"https:\/\/nonnos-tomatensosse.de\/index.php?rest_route=\/wp\/v2\/users\/1"}],"replies":[{"embeddable":true,"href":"https:\/\/nonnos-tomatensosse.de\/index.php?rest_route=%2Fwp%2Fv2%2Fcomments&post=232"}],"version-history":[{"count":88,"href":"https:\/\/nonnos-tomatensosse.de\/index.php?rest_route=\/wp\/v2\/pages\/232\/revisions"}],"predecessor-version":[{"id":645,"href":"https:\/\/nonnos-tomatensosse.de\/index.php?rest_route=\/wp\/v2\/pages\/232\/revisions\/645"}],"wp:attachment":[{"href":"https:\/\/nonnos-tomatensosse.de\/index.php?rest_route=%2Fwp%2Fv2%2Fmedia&parent=232"}],"curies":[{"name":"wp","href":"https:\/\/api.w.org\/{rel}","templated":true}]}}